 t = -37 + 36. Let f = 5 + 11. What is the remainder when f is divided by (-29 + 36)*(t - 13/(-7))?
4
Let y(o) = o - 2. Let m = -16 - -17. Calculate the remainder when (-51)/(-27) + m/9 is divided by y(3).
0
Suppose 2*o + f + 0 - 1 = 0, -3*f - 15 = 0. Suppose 0 = t + 3*i - 10, 12 + 2 = o*t + 5*i. Calculate the remainder when 85 - (2 - (t - -2)) is divided by 21.
20
Suppose 217 = -142*o + 149*o. What is the remainder when 296 is divided by o?
17
Suppose -5*r - 101 = -4*n, 5*n + 0*r - 3*r = 136. Let u = n - 17. What is the remainder when 33 is divided by u?
9
Let p = -58 - -102. Suppose -3*v + 0*v - 4*k = -p, 4 = -k. What is the remainder when (-592)/(-10) - 3/15 is divided by v?
19
Let b be (2/(-3))/(1*1/(-3)). Let i be -2*(7/(-2) + 3). Suppose 3*o + i - 3 = -u, -b*u = 5*o - 7. Calculate the remainder when 31 is divided by u.
9
Suppose -5*t + 146 = -3*t - 4*j, -73 = -t - 4*j. Suppose -15*u + 4*u + 1265 = 0. Let l = -96 + u. What is the remainder when t is divided by l?
16
What is the remainder when (2928/(-40))/((-6)/20)*1 is divided by 35?
34
Suppose -3*u - 2*u - 75 = 0. Let i = -10 - u. Suppose -5*l + i + 5 = 0. Calculate the remainder when 4 is divided by l.
0
Let t(r) = -5*r**3 - r + 1. Let j be t(1). Let n be (-3)/(j + (-1 - -5)). Suppose l + n*l = 32. What is the remainder when 15 is divided by l?
7
Let o(i) = -14*i - 37. Calculate the remainder when 93 is divided by o(-6).
46
Let n(y) = 22*y**2 - y. Let x be n(1). Suppose -10 = -w - 4*w. What is the remainder when w is divided by 48/x - 6/21?
0
Let r(j) = 3*j**2 + 49*j + 163. What is the remainder when r(-16) is divided by 17?
11
Suppose -3*l - 3 = -93. Suppose -4*h + 23 = -181. Let t = -43 + h. What is the remainder when l is divided by t?
6
Let x be 1*-2 + 96/8. Suppose -x = 2*u - 20. Suppose -216 = -u*o - 4*h, 5 = h + 1. What is the remainder when o is divided by 21?
19
Calculate the remainder when (114 - -3)*1 + 0 is divided by 43.
31
Let c(y) = y**2 - 8*y - 59. Calculate the remainder when 280 is divided by c(13).
4
Let b = -36 - -22. Calculate the remainder when (-42)/(-4)*b/(-7) is divided by 6.
3
Suppose 9*t - 339 = -69. Calculate the remainder when 118 is divided by t.
28
Suppose -64*s + 126*s - 54*s - 224 = 0. Suppose -2*n + 36 = 2. Calculate the remainder when s is divided by n.
11
Let q be (1 - (-12)/(-8))*-4. Suppose 4*i + 4*s - 28 = 0, -4*i + 10 = q*s - 10. Suppose b - 6 = 2. What is the remainder when b is divided by i?
2
Suppose 2*g + 3*g + 2*b = 29, g - 3*b = 16. Suppose 6*k = g*k - 21. What is the remainder when 41 is divided by 237/k - 2/7?
8
Let p = -44 - -48. What is the remainder when (-199)/(-3) - p/(-6) is divided by 23?
21
Suppose 54 = -4*w + 250. Calculate the remainder when w is divided by 3.
1
Let i(x) = -17*x - 55. Let v be i(-10). Suppose -v - 53 = -8*g. Calculate the remainder when 35 is divided by g.
14
Suppose -i - 5 = -0*i. Let c = 67 - i. Suppose -4*q = 5*m - 121, 5*q - 6*q - 26 = -m. Calculate the remainder when c is divided by m.
22
Let p(r) = -101*r**2 + 3*r + 1. Let i be p(-1). Let x = -57 - i. What is the remainder when x is divided by 16?
14
Suppose 29 - 25 = -2*i. What is the remainder when (i - 0)*(-1)/2 is divided by 1?
0
Let p = 287 - 220. What is the remainder when 258 is divided by p?
57
Suppose 16*d - 80 = 12*d + 2*g, 10 = d + 2*g. What is the remainder when 44 is divided by d?
8
Suppose -1 = r - 3. Suppose 0 = -o + r*w - 8, 4*o + 6 = 2*w + 4. What is the remainder when 19 is divided by (120/25)/(o/5)?
7
Suppose 11*t = 4*t + 28. Suppose 2*c - b = -t*b + 11, -b = -4*c + 29. What is the remainder when 9 is divided by c?
2
Let w = -3194 - -3242. What is the remainder when 326 is divided by w?
38
Suppose -3*s + 126 = -207. Calculate the remainder when s is divided by 29.
24
Let f(w) = -w**3 - 4*w**2 + 22*w + 6. Let g be f(-7). Let d(y) = 0 + 1 - 3*y - 9*y. What is the remainder when 38 is divided by d(g)?
12
Let w(f) = -f**2 + 35*f - 34. What is the remainder when w(33) is divided by 16?
0
Suppose -2*d = k - 21, 0 = k + 5*d - 6. Suppose -4*m = n - 30, 0*m + 2*m - 3*n - 22 = 0. Let p = k - m. What is the remainder when 43 is divided by p?
20
Let v be 18/(-63) - (-872)/14. Suppose 81 = 5*g + 3*l, -5*g = -l - 31 - v. Let a = -10 + g. What is the remainder when 13 is divided by a?
5
Suppose 54*b + 286 = 65*b. What is the remainder when 51 is divided by b?
25
Suppose -2*a + 9 = 2*z - 7*a, 4*a = -3*z - 21. Let w be (-6)/14*35/(-20)*72. Calculate the remainder when w + z + -1 + 1 is divided by 13.
12
What is the remainder when 237 is divided by (9/(-6))/(54/(-612))?
16
Let s(k) = 2*k**2 - 86*k + 13. Suppose 3*n = 8*n - 5, -3*n = 3*i - 375. Suppose -5*f = -i - 131. What is the remainder when f is divided by s(43)?
12
Let s be 2/11 - (-79)/(-11). What is the remainder when (-1 + 21/9 + -2)*-123 is divided by -3*(-2 - -3)*s?
19
Suppose -4 = -2*h + 4. What is the remainder when -1 + 0 + (16 - 10) is divided by h?
1
Suppose -2*a = a - 567. What is the remainder when a is divided by 16?
13
Suppose 2*g - 4 = 4*g, 0 = -4*l + g + 682. Let p = 31 - -12. What is the remainder when l is divided by p?
41
Suppose 3*o + 40 = 199. Suppose 2*n - 11 = -2*j + 55, -j + 68 = 2*n. Let l = n + -21. What is the remainder when o is divided by l?
11
Suppose -12*d + 16*d = 8. What is the remainder when 24 is divided by ((-70)/(-84))/(d/12)?
4
Let l(m) be the first derivative of 11*m**2/2 - 2*m - 18. What is the remainder when 211 is divided by l(5)?
52
Let r = -120 - -202. What is the remainder when r is divided by (-612)/(-22) + 70/385?
26
Suppose 3*x + 220 = -101*o + 106*o, -o + 2*x + 37 = 0. What is the remainder when 516 is divided by o?
46
Let m be 18/30 + (-94)/(-10). What is the remainder when (m + -7)/((-3)/(-2)) is divided by 1?
0
Let x be 10/(1 + 1)*(-126)/(-45). Suppose 18 = x*q - 12*q. Let g = 28 + 6. Calculate the remainder when g is divided by q.
7
Let z = -5 - -27. Suppose 0 = 3*f - m - 8, -z = -2*f + 6*m - 2*m. Calculate the remainder when f/2*(-128)/(-4) is divided by 9.
7
Suppose -11*t = -0*t - 154. What is the remainder when 107 is divided by t?
9
Calculate the remainder when (426/18)/(-5 + (-16)/(-3)) is divided by 26.
19
Suppose c + 42 = 5*t, -46*c = -t - 43*c + 14. What is the remainder when 110 is divided by t?
6
Let r(a) be the second derivative of -2*a**3/3 + 26*a**2 - 22*a. What is the remainder when r(0) is divided by 19?
14
Let l(u) = u**3 - 6*u**2 + 4*u + 2. Let w be l(6). Suppose -5*r + 29 - 2 = 3*s, 4*r - w = 2*s. What is the remainder when 28 is divided by r?
4
Let o(w) = -w**2 - 5*w + 12. Let v be o(-6). Let x = -1 + v. Suppose -5*m = -x*r - 80, -2*m = -3*r - r - 38. What is the remainder when 63 is divided by m?
11
Let d(z) = -z**2 - 16*z + 67. What is the remainder when 493 is divided by d(-18)?
28
Let z(v) = 10*v + 1. Let c(s) = s + 2. Let d be c(-13). Let r = -6 - d. What is the remainder when z(1) is divided by r?
1
Let r(l) be the third derivative of l**4/24 - l**3/3 + 5*l**2. Let z be r(6). What is the remainder when (-8)/(-6)*222/z is divided by 25?
24
Suppose -4*o = -412 - 244. What is the remainder when o is divided by 21?
17
Let u = 1006 + -805. Calculate the remainder when u is divided by 35.
26
Suppose 15*u - 887 = 388. Calculate the remainder when u is divided by 37.
11
Let w = -22 - -26. Calculate the remainder when 17 is divided by (-14 - -28)/(3/(6/w)).
3
Suppose 3*u - 13 = -3*f + 104, -3*f - 88 = -2*u. Calculate the remainder when u is divided by 28.
13
Suppose 0 = y - 246 - 72. Calculate the remainder when y is divided by 46.
42
Let f be (-2)/6 + 26/6. What is the remainder when (-5010)/(-390) + f/26 is divided by 5?
3
Let b = 4 - 1. Suppose 0 = -4*o + 42 - 2. Calculate the remainder when 3 - 4/(-8)*o is divided by b.
2
Let w = 1671 - 1633. Calculate the remainder when 984 is divided by w.
34
Let g(b) = b**2 - 3*b - 7. Let o(a) = 1. Let i(z) = -g(z) - 5*o(z). Let k be i(6). Calculate the remainder when 2/k + (-3255)/(-56) is divided by 20.
18
Let y(g) = -9*g**2 - 5*g + 14. Let x(f) = -19*f**2 - 11*f + 29. Let k(u) = 6*x(u) - 13*y(u). What is the remainder when 63 is divided by k(3)?
15
Let o be 1/(-2)*6 + 3. What is the remainder when 0 - 1/1*-89 is divided by 1 + 22 - o/(-2)?
20
Let z be 2/(-4) + 39/2. Let c = -14 + z. S